. What is the tens digit of m?
1
Let z(n) be the first derivative of 4*n**3/3 - n**2/2 + 2*n - 9. What is the tens digit of z(-3)?
4
Let z(h) = -9*h**2 + 3*h**3 + 4 + 8*h - h - h**3 - h**3. Let a be z(8). What is the units digit of 1 + -2*2/a?
2
Let a be 12/(-66) + 24/11. What is the units digit of -2*12*a/(-4)?
2
Let r = 88 - 27. Let i = r - 29. Suppose t - 5*t = -i. What is the units digit of t?
8
Suppose 4 = u + 2*r, u - 2*r = 3*r - 10. Let o be (-1 - -10) + 0 + 1. Suppose 2*h - 3*j - o = 0, u = j - 4*j. What is the units digit of h?
5
Let b be 27*(-12)/(-9) - 2. Let o = 78 - b. What is the units digit of o?
4
Let z = 6 + -1. Suppose 14 = 2*u + 4*d, z*u = -4*d + 8 + 9. What is the units digit of u?
1
Let l be (4/(-10))/((-2)/25). What is the units digit of 5/25 - (-9)/l?
2
Let y(q) be the first derivative of q**3/3 + 3*q - 4. What is the tens digit of y(-3)?
1
Let r = -36 - -50. Let u be 0 + (2 - 1) + 11. What is the units digit of u/r + 4/28?
1
Let o(s) = 11*s + 6. What is the units digit of o(3)?
9
What is the tens digit of 2 + 3 + -3 + 66?
6
Let t = -5 + 9. Suppose j = t*j - 48. What is the units digit of j?
6
Let g(l) = -4*l**3 - 6*l**2 - 2*l + 1. What is the units digit of g(-2)?
3
Let u be 212/10 - 5/25. Suppose 0*m - m + u = 0. What is the tens digit of m?
2
Suppose 3*j - 21 = -3*r, 3*r - 6*j + 11 = -j. Suppose r = f - 3. What is the units digit of f?
6
Let p(n) = -4*n**3 - 2*n**2 - 2*n - 1. Let o be p(-1). Suppose w + 2*b = 4, o*w - b = -2*w - 13. What is the units digit of (-1)/(w + (-51)/(-27))?
9
Let u = 327 - 62. What is the tens digit of u?
6
Let n = 95 + -64. What is the tens digit of n?
3
Let r be (-5)/(-2)*148/5. Suppose -2*l + r = -0*l. What is the tens digit of l?
3
Suppose j = 5*n + 42, j - 3 = 2*n + 12. Let y = -6 - n. What is the units digit of y?
3
Let d(z) = z**2 + 4*z - 4. What is the units digit of d(2)?
8
Suppose 0 = -4*v - 1 + 181. Suppose -2*c - 3*c + v = 0. What is the units digit of c?
9
Let r = -201 + 399. What is the units digit of r?
8
Let i = -41 - -83. What is the units digit of i?
2
What is the tens digit of ((-26)/(-6))/(2/6)?
1
Let m(i) be the third derivative of -i**6/120 - 7*i**5/60 + i**4/3 + 7*i**3/6 + 2*i**2. What is the units digit of m(-8)?
7
Suppose -783 - 834 = -11*y. What is the hundreds digit of y?
1
Suppose 4*n = -0*n. Let y = 1 + n. Suppose -2*q = -3*q + y. What is the units digit of q?
1
Let w = 13 - 5. Suppose -w*h = -3*h - 35. What is the units digit of h?
7
What is the tens digit of -42*(1 - (-1 - -3))?
4
Let h(a) = -2 - 1 - 1 - 35*a + 5. Let p be h(-1). Suppose -p = -2*o - o. What is the tens digit of o?
1
Suppose -2*g = p + 2, -2*p - 12 = -2*g - 2*g. Let f(y) = y**2 + 11*y + 14. Let x be f(-10). Let r = g + x. What is the units digit of r?
5
Suppose 5 = -j - 0*j. Let b = j - -7. What is the units digit of b?
2
Let w = -30 + 13. Let k(f) = 2*f - 19. Let u(v) = -6*v + 56. Let y(h) = w*k(h) - 6*u(h). What is the units digit of y(9)?
5
Let r(j) = -j**2 + 5*j - 6. Let y be r(4). Let x be 2/(-4)*6*2. Let v = y - x. What is the units digit of v?
4
Suppose c = 8*c - 413. What is the tens digit of c?
5
Let y = 5 - -2. What is the units digit of y?
7
Let l be (-2)/8 + (-801)/(-36). Let x = 33 - l. What is the tens digit of x?
1
Suppose p - 8 - 6 = 0. Suppose -2*n + 42 + p = 0. What is the units digit of n?
8
Suppose -16*z + 17*z - 232 = 0. What is the tens digit of z?
3
Suppose 2*x - 9 = -3, -5*x - 41 = -2*z. Suppose z = 3*q - c - 16, 2*c = 5*q - 73. Suppose q = 3*o - 0. What is the units digit of o?
5
Let a = -1 + 8. Let u = a + -3. What is the units digit of u?
4
Suppose -2*n = -4*o + 34, 0*n = 2*o + n - 23. What is the tens digit of o?
1
Let q(a) = a**3 - 5*a**2 + 4*a + 2. Suppose -9 = -3*s + 3. Let x be q(s). Suppose -w = z, 0 = 2*z - x*w + 5*w + 3. What is the units digit of z?
3
Let w(k) = -k**3 + 6*k**2 + 7. Let u(n) = -6*n. Let l be u(-2). Let a = -6 + l. What is the units digit of w(a)?
7
Let n(x) = -2*x**2 + 4*x - 3. Let l be n(3). Let i = 9 + l. Suppose i*k = -5*o - 3*k + 19, -3*o + 23 = -4*k. What is the units digit of o?
5
Suppose -3*q + 5*q = 6. Suppose q*a + 5*v = 17 + 25, -3*v = -2*a + 9. What is the units digit of a?
9
Let c = 122 - 34. What is the tens digit of c?
8
Let j(k) = 0*k**3 + 2 + 3 - 8*k - k + 8*k**2 + k**3. What is the units digit of j(-9)?
5
Suppose 4*n = 5*v - 0 + 18, -4*v = 8. Let k(j) = 18*j - 3. What is the units digit of k(n)?
3
Suppose 3*x = i - 10, 2*x + 8 = 2*i + 4. Let f be i/(2*3/(-15)). Let k(m) = m**2 - 4*m - 1. What is the units digit of k(f)?
4
Let b = 20 - 33. Let m = 26 + b. What is the tens digit of m?
1
Suppose -o + 173 = 3*w, 2*o + 0*w - 4*w - 326 = 0. What is the tens digit of o?
6
Let c(z) = -z - 7. Let x be c(-9). Suppose -4*g + x*f = -46, -4*f = 4*g - 3*f - 55. What is the units digit of g?
3
Let f = 33 - 13. What is the tens digit of f?
2
Let l(k) = -9*k + 8. Let z(d) = -8*d + 7. Let h(i) = -6*l(i) + 7*z(i). What is the units digit of h(-3)?
7
Suppose -4*h - 8 = 16. Let r = 25 + h. What is the tens digit of r?
1
Let u = -15 - -36. What is the tens digit of u?
2
Let u(v) = -v**3 + 20*v**2 + 21*v + 33. What is the units digit of u(21)?
3
What is the units digit of (-1)/(6/((-96)/20))*20?
6
What is the units digit of 24/30*25/2?
0
Suppose 5*o = 483 - 78. Suppose -2*k + 4*x = -56, 4*x = 4*k - 47 - o. What is the tens digit of k?
3
Let s(f) = 3*f**3 - f**2 - f + 1. Suppose -1 = -5*j + 4. Let w be s(j). Suppose -w*n + 39 = n. What is the tens digit of n?
1
Let p = -389 + 587. What is the hundreds digit of p?
1
Let m = 20 + -11. What is the units digit of m?
9
Let y = -11 + 32. Suppose 4*p - y = p. What is the units digit of p?
7
Let y be 24*(-1 - 9/(-3)). Suppose -2*m - 2*m + y = 0. What is the units digit of m?
2
Let p(d) = -d**2 + 6*d - 3. Let g be 1/3 - 42/(-9). Let r be p(g). What is the units digit of -1 - (1 - 5) - r?
1
Let q be 6/(-8)*(-20)/5. Suppose 36 = q*n + n. Let i = n + 7. What is the tens digit of i?
1
Suppose 2*q - 47 = -7. What is the tens digit of q?
2
Let s be (27/(-2))/((-3)/(-6)). Let x be s/(-12) - (-2)/(-8). Suppose 3*f - 3*k = 18, -x*k - 1 = -11. What is the units digit of f?
1
What is the units digit of (5/(40/244))/(2/16)?
4
Let g(c) = c**3 + 17*c**2 + 23*c + 21. What is the units digit of g(-15)?
6
Suppose 2*j - 73 = -5. What is the tens digit of j?
3
What is the hundreds digit of 5121/33 - 2/11?
1
Let u = -1 + 0. Let c(s) = 2*s. Let x be c(-1). What is the units digit of (-3)/((x/u)/(-2))?
3
Suppose -40 = -3*z - z. Let a = z + -1. What is the units digit of (a/(-6))/(2/(-8))?
6
Let g(d) = 3*d**2 + 9*d + 11. What is the units digit of g(-5)?
1
Let s(f) be the second derivative of f**6/360 - f**5/60 - 5*f**4/24 + f**3/6 - 2*f. Let v(j) be the second derivative of s(j). What is the units digit of v(4)?
3
Let l(k) = k**2 + 8*k + 3. Let a be l(-10). Suppose -8*p = -7*p - a. What is the tens digit of p?
2
Let k(u) = 6*u + 3. Let p be k(7). Let r = p + -25. Suppose -r = -5*z + 5*d, -z = -3*d + 6*d - 16. What is the units digit of z?
7
Suppose -35 - 185 = 4*h. Let c = h + 87. What is the tens digit of c?
3
Let x = 14 + -8. Let v = x + -9. What is the units digit of (-16)/12*(v - 0)?
4
Let t(j) = 7 - 7*j - 6*j - 8. What is the tens digit of t(-1)?
1
Let x = 130 - 66. What is the tens digit of x?
6
Suppose 0 = j + 3*j - 12. Let t be (-3)/(18/j)*0. Let f = t + 4. What is the units digit of f?
4
Let o = 14 + -23. Let c(j) = 2 - 2*j + 1 - 4 - 4. What is the units digit of c(o)?
3
Suppose 7*s - 44 = 453. What is the tens digit of s?
7
Suppose p - 12 = 4*u, 4*p + 4*u + 12 = p. Let v(q) = q**2 - q. Let y be v(p). Suppose 4*n - 1 = 5*f - 66, y = -2*n. What is the units digit of f?
3
Let y = 12 - 12. Suppose -3*v - 6 = y, -2 + 5 = -n - 3*v. What is the units digit of n?
3
Suppose -2*u + 9 = 31. What is the units digit of 3/(6/(-4)) - u?
9
Suppose 7 = 3*m + 4*p, 3 = 3*m + 2*p - 2. Let j be (m/(-3))/(1/3). What is the units digit of (-4 - -1)*(j + 0)?
3
Let k = 19 + 52. What is the units digit of k?
1
Let s(t) = 8*t - 36. What is the units digit of s(15)?
4
Suppose y = 2*t - t + 5, -4*y + 60 = 4*t. Suppose -7*c + 2*c = -y. What is the units digit of c?
2
Let l(n) = 23*n**3 - 2*n**2 + 2*n - 1. Let i(j) = j**2 + 8*j - 8. Let r be i(-9).